{"id":196,"date":"2020-06-11T21:35:28","date_gmt":"2020-06-11T19:35:28","guid":{"rendered":"https:\/\/www.infamis.de\/plattenladen\/?post_type=product&#038;p=196"},"modified":"2020-06-15T12:37:54","modified_gmt":"2020-06-15T10:37:54","slug":"another-last-goodbye","status":"publish","type":"product","link":"https:\/\/www.infamis.de\/plattenladen\/produkt\/another-last-goodbye\/","title":{"rendered":"Another Last Goodbye"},"content":{"rendered":"<p>Unser 3. Album, das wir auf Grund kleinerer Meinungsverschiedenheiten mit 6 verschiedenen Bassisten aufnehmen mussten. Sp\u00e4ter stellte sich heraus, dass das ein sehr<span class=\"Apple-converted-space\">\u00a0 <\/span>Katalysator war. Mit St\u00fccken, die wir noch heut gern live spielen u. a. \u201eBehind The Door\u201c, \u201eBallad Of Sadface\u201c und dem wunderbaren \u201eAnother Last Goodbye\u201c mit Olli Peters (Once Upon A Time) am Bass und Alexander \u201eXandi\u201c Krohn im Background Gesang.<\/p>\n<p>Das Cover dieser Cd ist nur die obere Ecke eines gro\u00dfen aufklappbaren Posters von Ole Christiansen. Darauf<span class=\"Apple-converted-space\">\u00a0 <\/span>sind unwirklich, wirkende, m\u00e4rchenhafte Gestalten zu sehen, entfremdet und trotz Lachen irgendwie bedr\u00fcckend. er Last Goodbye entf\u00fchren uns in rauchige Kneipen, die wahlweise Im Wilden Westen der USA, oder in den verwinkelten Gassen Irlands oder dem alten England liegen k\u00f6nnten. Alle Songs sind echt handmade, besitzen Tiefgang und einen sehr hohen Wiedererkenungswert. Die Musik erinnert an eine Mischung aus den Bad Seeds, Crime And The City Solution, The Gun Club&#8230; so ungef\u00e4hr jedenfalls. Das Beste jedoch ist diese voll Klingende M\u00e4nnerstimme, die die angehmen Momente eines Nick Cave mit denen von Jeffrey Lee Pierce zu verbinden vermag, was sicherlich Zufall ist, aber zu gefallen wei\u00df.<em> (Horo) Oxmox <span class=\"Apple-converted-space\">\u00a0<\/span><\/em><\/p>\n<p>While listening to this CD, I wonder if I hear a record of Lou Reed influenced by Nick Cave. But this will be not a possitive reaction because it is not from Lou Reed or Nick cave neither, but from the German band Infamis. And they are not copying Lou or Nick, but I am sure that they are doing straight from the heart. And they are doing it briljant. It is a CD full of the most poetic rock songs played in a moody dark way. Music that moves you to pick up the texts and sing along.From the beginning till the end this CD moves you with its songs.<\/p>\n<p>With other words, this CD from Infamis will fit very well on your shelf next to the CD of Lou and Nick, not as sound-a-likes. But as a band who stick with head and shoulders above all other rockbands who plays moody dark big city rock.<span class=\"Apple-converted-space\">\u00a0<\/span><\/p>\n","protected":false},"excerpt":{"rendered":"<h2>Album-CD, 1997, moloko+<\/h2>\n[playlist artists=\"false\" images=\"false\" ids=\"197,199,200,201,202,203,204,205,206,207\"]\n<p>&nbsp;<\/p>\n","protected":false},"featured_media":209,"template":"","meta":[],"product_brand":[],"product_cat":[35,23,19],"product_tag":[],"class_list":{"0":"post-196","1":"product","2":"type-product","3":"status-publish","4":"has-post-thumbnail","6":"product_cat-album","7":"product_cat-cd","8":"product_cat-tontraeger","10":"first","11":"instock","12":"shipping-taxable","13":"purchasable","14":"product-type-simple"},"_links":{"self":[{"href":"https:\/\/www.infamis.de\/plattenladen\/wp-json\/wp\/v2\/product\/196","targetHints":{"allow":["GET"]}}],"collection":[{"href":"https:\/\/www.infamis.de\/plattenladen\/wp-json\/wp\/v2\/product"}],"about":[{"href":"https:\/\/www.infamis.de\/plattenladen\/wp-json\/wp\/v2\/types\/product"}],"wp:featuredmedia":[{"embeddable":true,"href":"https:\/\/www.infamis.de\/plattenladen\/wp-json\/wp\/v2\/media\/209"}],"wp:attachment":[{"href":"https:\/\/www.infamis.de\/plattenladen\/wp-json\/wp\/v2\/media?parent=196"}],"wp:term":[{"taxonomy":"product_brand","embeddable":true,"href":"https:\/\/www.infamis.de\/plattenladen\/wp-json\/wp\/v2\/product_brand?post=196"},{"taxonomy":"product_cat","embeddable":true,"href":"https:\/\/www.infamis.de\/plattenladen\/wp-json\/wp\/v2\/product_cat?post=196"},{"taxonomy":"product_tag","embeddable":true,"href":"https:\/\/www.infamis.de\/plattenladen\/wp-json\/wp\/v2\/product_tag?post=196"}],"curies":[{"name":"wp","href":"https:\/\/api.w.org\/{rel}","templated":true}]}}