{"id":183,"date":"2020-06-11T21:19:44","date_gmt":"2020-06-11T19:19:44","guid":{"rendered":"https:\/\/www.infamis.de\/plattenladen\/?post_type=product&#038;p=183"},"modified":"2020-06-14T18:17:07","modified_gmt":"2020-06-14T16:17:07","slug":"ach-bittrer-winter","status":"publish","type":"product","link":"https:\/\/www.infamis.de\/plattenladen\/produkt\/ach-bittrer-winter\/","title":{"rendered":"Ach bittrer Winter"},"content":{"rendered":"<p>1. Idiotengeschenk \u2026 mit der unglaublich traurigen Geschichte vom Idioten im Sandsturm und was sich hinter verschlossener T\u00fcr versteckt.<span class=\"Apple-converted-space\">\u00a0<\/span><\/p>\n<p>2. Ach, bitt\u00b4rer Winter \u2026unsere flotte Version des Volksliedes von 1537.<\/p>\n<p>3. den lille pige med svovlstikkerne \u2026 13 min\u00fctige instrumentale Meditation auf Hans Christian Andersens sch\u00f6nstes M\u00e4rchen.<\/p>\n","protected":false},"excerpt":{"rendered":"<h2>Single CD, 2001, Eigenproduktion<\/h2>\n<p>on demand<\/p>\n[playlist images=\"false\" artists=\"false\" ids=\"185,186,187\"]\n","protected":false},"featured_media":184,"template":"","meta":[],"product_brand":[],"product_cat":[23,21],"product_tag":[],"class_list":{"0":"post-183","1":"product","2":"type-product","3":"status-publish","4":"has-post-thumbnail","6":"product_cat-cd","7":"product_cat-single","9":"first","10":"instock","11":"shipping-taxable","12":"purchasable","13":"product-type-simple"},"_links":{"self":[{"href":"https:\/\/www.infamis.de\/plattenladen\/wp-json\/wp\/v2\/product\/183","targetHints":{"allow":["GET"]}}],"collection":[{"href":"https:\/\/www.infamis.de\/plattenladen\/wp-json\/wp\/v2\/product"}],"about":[{"href":"https:\/\/www.infamis.de\/plattenladen\/wp-json\/wp\/v2\/types\/product"}],"wp:featuredmedia":[{"embeddable":true,"href":"https:\/\/www.infamis.de\/plattenladen\/wp-json\/wp\/v2\/media\/184"}],"wp:attachment":[{"href":"https:\/\/www.infamis.de\/plattenladen\/wp-json\/wp\/v2\/media?parent=183"}],"wp:term":[{"taxonomy":"product_brand","embeddable":true,"href":"https:\/\/www.infamis.de\/plattenladen\/wp-json\/wp\/v2\/product_brand?post=183"},{"taxonomy":"product_cat","embeddable":true,"href":"https:\/\/www.infamis.de\/plattenladen\/wp-json\/wp\/v2\/product_cat?post=183"},{"taxonomy":"product_tag","embeddable":true,"href":"https:\/\/www.infamis.de\/plattenladen\/wp-json\/wp\/v2\/product_tag?post=183"}],"curies":[{"name":"wp","href":"https:\/\/api.w.org\/{rel}","templated":true}]}}